g be (-275)/5 - (4 + -1). Let i = 118 + g. Suppose y + i = 4*u, -u - 2*y = 4*u - 75. What is the units digit of u?
5
Let a(l) = 287*l**2 + 5*l + 5. Let c be a(-3). Suppose 18*x = c + 1. What is the hundreds digit of x?
1
Let u(q) = 67*q - 56. Let h be u(4). Suppose 201*i = h*i - 13838. What is the tens digit of i?
5
Let i(u) = -3*u - 29. Let o be i(-13). Suppose -o*s = -9*s. Suppose -3*l + 4*c + 235 = -72, -l + 3*c + 104 = s. What is the units digit of l?
1
Let n(k) = 5*k - 35. Let w be n(7). Suppose 3 = 4*x - 5*s - 19, 2*x + 5*s = 26. Suppose 4*o + x - 108 = w. What is the tens digit of o?
2
Suppose -6*r = -4*f - 7*r + 31710, f = -3*r + 7911. What is the tens digit of f?
2
Let v(b) be the first derivative of 35*b**2/2 + 147*b - 203. What is the units digit of v(17)?
2
Suppose 154132 + 83043 = 7*j + 27182. What is the hundreds digit of j?
9
Let o be 105/30 + ((-1)/(-2) - 1). Suppose -2*s + 3*s + 7679 = 5*n, -4625 = -o*n + 5*s. Suppose -n + 356 = -9*q. What is the units digit of q?
1
Let j be 0/(-26) - (-3 - -2)*-5. Let g(o) = 25*o**2 + 6*o + 3. What is the tens digit of g(j)?
9
Let t(d) = 85*d + 50. Let c be t(11). Suppose -2*i - 306 = -z - 101, c = 5*z - 2*i. What is the units digit of z?
5
Let c(n) = 4342*n - 6198. What is the thousands digit of c(7)?
4
Let k(v) = 33*v**3 - 7*v**2 - 3*v. Let r be k(3). Suppose 6*i - 1401 - r = 0. What is the hundreds digit of i?
3
Let r(a) = a**2 + 11*a - 12. Suppose -5*x = -21 + 81. Let s be r(x). What is the hundreds digit of 143 + (-2 - (-3 + s))?
1
What is the thousands digit of (-44730)/(-3 + -6) + 1 + 0?
4
Let t = -238 + 240. What is the tens digit of (431 + t - -6)/(1/2)?
7
What is the hundreds digit of (-177576)/(-12) + (-24)/(-3)?
8
Suppose 14 = 5*r + 4. Let o(y) = 5*y**r + 0 - 15 - 7*y + 0 - 4*y**2. What is the units digit of o(19)?
3
Let f be (-8840)/44 - (-2)/(-22). Let k = 829 + f. What is the hundreds digit of k?
6
Let f be (-255)/12 + (28/16)/7. What is the tens digit of f/6 + 2 - (-10184)/16?
3
Let b(r) = 149*r**2 + 3*r - 2. Suppose -140 = -5*n - 155. What is the units digit of b(n)?
0
Let g(l) = 1113*l**2 - 2*l + 4. What is the thousands digit of g(2)?
4
Let v(u) = 10*u - 5350 - 11*u + 0*u + 3*u. Let q be v(0). What is the hundreds digit of 1/(5/q*-5)?
2
Let z(c) = c**3 + 14*c**2 - c - 11. Let m be z(-14). Suppose -4*r + 2*r - 5*f + 163 = 0, m*r + f = 277. What is the tens digit of r?
9
Let w(u) = 5280*u + 1870. What is the tens digit of w(10)?
7
Let i(x) = -x**2 - 3*x**3 + 14 - 496*x + 522*x + 2*x**3. What is the units digit of i(-10)?
4
Suppose 21*m + 35 = 16*m, -3*j + 8464 = -4*m. What is the units digit of j?
2
Let b = -3647 + 17467. What is the units digit of b?
0
What is the tens digit of (180/(-35))/9 - 134370/(-70)?
1
Suppose -63*n - 639 + 30963 = -56*n. What is the hundreds digit of n?
3
Let x(v) = v**3 + 29*v**2 + 55*v + 36. Suppose 4*o - 2*b + 106 = 0, 0*o - 2*b = 2*o + 56. Let m be x(o). Suppose 514 = m*c - 1151. What is the tens digit of c?
8
Let y(z) = z**3 + 12*z**2 - 12*z + 20. Let j be y(-13). Let u be (-9)/((-54)/(-42))*(-18)/j. Suppose 25*o = u*o + 1491. What is the units digit of o?
3
Let z(y) = 854*y**2 - 90*y + 279. What is the hundreds digit of z(3)?
6
Suppose -3*x = 4*m - 3, -3*x + 5*m - 11 = -41. Let y = x + -3. Suppose 0 = -0*t + y*t - 50. What is the units digit of t?
5
Suppose -35*i = -14*i - 104328. Suppose -i = -114*n + 106*n. What is the hundreds digit of n?
6
Let b(n) be the first derivative of -5*n**2 - 24*n - 48. Let i be b(-6). What is the units digit of (i/8 + -5)*2*-74?
4
Suppose 3211*r - 3200*r - 256751 = 0. What is the tens digit of r?
4
Let b be 4*((-1256)/160 + 6/(-15)). Let d = 226 - b. What is the hundreds digit of d?
2
Let j(q) be the third derivative of -57*q**6/20 + q**5/20 - q**4/12 - q**3/2 + 34*q**2. What is the tens digit of j(-1)?
4
Let c(w) = 712*w**2 + 8*w + 8. Let f be c(-1). Let m = f + -362. What is the units digit of m?
0
Suppose 3*m - 2*m = -96. Let l = -4 - m. Suppose l = -11*q + 15*q. What is the tens digit of q?
2
Suppose -4*v + 3*v = -2*v. Suppose v = 2*c - 3*h + 87 - 310, 4*c - h = 461. Suppose 33 = -j + c. What is the units digit of j?
3
Let w(o) = -2264*o + 2158. What is the hundreds digit of w(-6)?
7
Let i(b) = 3*b - 14. Let q be i(7). Suppose -266 = q*w - 4095. Suppose 12*p - w = 293. What is the units digit of p?
0
Suppose -23 = t - 26, 4*a + 4675 = 5*t. Let h = -492 - a. What is the tens digit of h?
7
Let m be (1 + -1)/(0 - (2 + 0)). Let i = 59 - m. Let u = i - 23. What is the tens digit of u?
3
Let t(x) = x. Let z(s) = -59*s. Let y(q) = -t(q) - z(q). Let g be y(9). Suppose 4*b + 2*b - g = 0. What is the units digit of b?
7
Let m(u) = -3*u - 6. Let o be m(-2). Suppose -2*n + 267 = -o*n + 5*r, 0 = 5*n - 4*r - 684. Suppose 0 = -4*s + 232 + n. What is the tens digit of s?
9
Suppose 0 = -5*b - 25, -w = -15*b + 13*b - 54187. What is the units digit of w?
7
Let n(b) = b**2 + 36*b - 870. What is the tens digit of n(106)?
8
Suppose -4*s - 21 = h - 9*s, 5*h - 15 = s. Suppose h*p = 3*v + 7*p - 444, -v - 4*p + 136 = 0. What is the hundreds digit of v?
1
Let b be (-51)/(-18)*-4*3. Suppose 0*l - 4*l + 232 = 0. Let u = l + b. What is the tens digit of u?
2
Let x = 41204 + -24596. What is the tens digit of x?
0
Let t = -35 - -24. Let i = t + -15. What is the tens digit of (-95 - i)/((-6)/8)?
9
Suppose -3210 = 28*o - 13*o. Let a = o - -281. What is the tens digit of a?
6
Suppose -1170*y = -1158*y - 73044. What is the thousands digit of y?
6
What is the thousands digit of 1396/6282 - (-85894)/9?
9
Suppose 0 = -700*c + 692*c + 11844 + 11500. What is the units digit of c?
8
Let a(z) be the second derivative of 13*z**3/3 + 2*z**2 - 8*z. Let q be a(9). Suppose -2*n + q = -0*n - 2*i, 2*n - 238 = 3*i. What is the hundreds digit of n?
1
Let a be (-3)/6*-40 - 4. Suppose -a*v = -7*v - 810. Suppose 4*m = v + 74. What is the units digit of m?
1
Let k(y) = -y + 0*y - 19*y**3 + 3*y - 8*y**2 - 31 + 20*y**3 - 4*y. What is the hundreds digit of k(12)?
5
Let a(v) = v**3 - 81*v**2 + 231*v + 977. What is the tens digit of a(83)?
2
Let h = 20 - -12. Let j = h - 40. What is the tens digit of j/2 - (-2 - 69)?
6
Suppose -6*l + 2*n - 6316 = -9*l, 0 = 4*l + 4*n - 8428. Suppose -l = -12*g + 3190. What is the hundreds digit of g?
4
Let j(f) = -8*f + 75. Let z be j(7). Suppose 0 = z*b + 6*b - 25650. What is the hundreds digit of b?
0
Let p(v) = 45*v**3 - 2*v**2 - v + 2. Suppose 5*z - 2*f = 1 + 3, 2*f = 6. What is the units digit of p(z)?
2
Let u = 238 - 333. Let f = u + 284. What is the units digit of f?
9
Suppose -3*a = -2*a - 3*a. Suppose 2*b - 211 - 773 = a. What is the units digit of b?
2
Let q(f) = -40*f - 26. Let g = -113 - -106. Let a(p) = -p - 14. Let v be a(g). What is the tens digit of q(v)?
5
Suppose -25 = -5*b, -4*h - 3*b = 2*b - 517. Suppose -h - 300 = -9*u. What is the tens digit of u?
4
Let v(i) = 12*i + 1. Let t(k) = -37*k - 2. Let b(w) = 6*t(w) + 21*v(w). Let j(s) = -15*s - 5. Let a(f) = 2*b(f) + 5*j(f). What is the units digit of a(-12)?
3
Let q be (-115)/(-15) + 2/(-3) + 0. Suppose -q*n + 4*n = -12. Suppose -n*i = -3*c - 255, -2*i + c = 4*c - 141. What is the tens digit of i?
6
Suppose -68*w - 2165 = -67*w. Let n = 3616 + w. What is the hundreds digit of n?
4
Let x be 70/8 - 4*9/(-144). Suppose 3*l + x*s = 7*s + 715, 0 = 3*s + 3. What is the units digit of l?
9
Let n(d) = 330*d**2 - 261*d + 1295. What is the thousands digit of n(5)?
8
Let u(p) = p**3 + 6*p**2 - 2*p - 9. Let b be u(-7). Let h = b - -65. Suppose 8 = 2*j, 4*n + 9 = 2*j + h. What is the units digit of n?
5
Let t = 12 - 37. Let b = -23 - t. Suppose 0 = 5*x - 4*w - 263, 2*x - 76 = -b*w + 40. What is the tens digit of x?
5
Suppose 5*d - 22713 = 3*q - 1479, -5*q - 21230 = -5*d. What is the hundreds digit of d?
2
Let d be (-2)/(-8) - 11/(-4). Suppose 0*w - 6 = d*w + l, 2*w + 5*l - 9 = 0. Let x(u) = -5*u + 5. What is the tens digit of x(w)?
2
What is the tens digit of (1 + -4020)/(-20 - (-7314)/368)?
5
Let r = 18 - 48. Let d = 38 + r. Let h = 41 - d. What is the units digit of h?
3
Let m(j) = 19*j**2 + 12*j - 43. Let f be m(8). Suppose f = 3*v - 24. What is the tens digit of v?
3
Suppose 18 - 18 = g. Suppose 0 = 2*o - g*o - 3*m, -5*o - 4*m = 0. What is the tens digit of 0/(-2) - o - -87?